factor of 30425376?
False
Does 12 divide 7164791?
False
Does 277 divide 4502606897?
False
Is 42 a factor of 354066556?
False
Is 32 a factor of 956478628?
False
Is 7 a factor of 14575509?
False
Is 1443 a factor of 171541259?
False
Does 88 divide 83555012?
False
Does 109 divide 12300955?
False
Is 23854382 a multiple of 101?
True
Is 12 a factor of 247693896?
True
Is 321850580 a multiple of 6635?
True
Does 205 divide 48160240?
True
Does 793 divide 13826299?
False
Is 1162 a factor of 108393684?
True
Does 10008 divide 668344248?
True
Is 127 a factor of 1619878479?
False
Is 280 a factor of 22364440?
True
Does 88 divide 27570576?
True
Does 450 divide 1615614300?
True
Is 40 a factor of 1272858152?
False
Is 1234 a factor of 1038576356?
True
Does 23 divide 99717286?
False
Is 124816692 a multiple of 308?
True
Is 44886948 a multiple of 34?
False
Is 28782512 a multiple of 86?
False
Is 6 a factor of 17633891?
False
Is 9 a factor of 16470639?
True
Is 15033969 a multiple of 2?
False
Is 60827020 a multiple of 22?
False
Is 69 a factor of 11339783?
False
Is 195 a factor of 437950643?
False
Is 484012263 a multiple of 17?
False
Is 196 a factor of 1082566996?
True
Does 146 divide 33967046?
True
Is 38 a factor of 128966034?
True
Is 26117880 a multiple of 3?
True
Does 26 divide 2596438?
True
Does 38 divide 27302850?
False
Does 60 divide 1004166946?
False
Is 393907664 a multiple of 164?
True
Is 1795691928 a multiple of 202?
True
Is 138 a factor of 64629126?
True
Is 119 a factor of 4748018268?
False
Does 8 divide 21108520?
True
Is 24 a factor of 5584752?
True
Is 21760788 a multiple of 84?
True
Does 5 divide 491846860?
True
Is 11433438 a multiple of 2186?
False
Is 13 a factor of 80675309?
True
Is 6283 a factor of 3161084111?
True
Does 198 divide 428930568?
True
Does 10344 divide 1467191807?
False
Does 436 divide 226263293?
False
Is 319 a factor of 219016468?
True
Does 29 divide 19991824?
False
Is 17 a factor of 3101742191?
True
Does 557 divide 1154752348?
True
Is 565211420 a multiple of 42?
False
Is 191334681 a multiple of 1223?
True
Is 2133 a factor of 284162466?
False
Is 26 a factor of 1746417897?
False
Is 78 a factor of 94437174?
True
Is 29305680 a multiple of 240?
True
Does 2385 divide 239825313?
False
Is 28964182 a multiple of 26?
True
Is 12958610 a multiple of 562?
False
Is 11 a factor of 71163859?
False
Is 1258531764 a multiple of 315?
False
Does 8 divide 160174337?
False
Does 6 divide 102509782?
False
Does 1661 divide 9321532?
True
Is 154 a factor of 81676582?
False
Is 26 a factor of 111611191?
False
Is 133304010 a multiple of 14?
True
Is 39830090 a multiple of 15?
False
Does 117 divide 10602306?
True
Does 23 divide 113364003?
False
Is 318411311 a multiple of 317?
False
Does 30 divide 254535408?
False
Is 41 a factor of 1880312562?
True
Is 1640439192 a multiple of 7?
True
Does 476 divide 394129904?
True
Is 14 a factor of 564829529?
False
Is 671 a factor of 99306658?
True
Does 18 divide 638350119?
False
Is 3021686 a multiple of 773?
False
Does 85 divide 169303340?
True
Does 14 divide 15449005?
False
Is 1786 a factor of 31431311?
False
Is 838183 a multiple of 2?
False
Does 12 divide 5967381996?
True
Is 6489169 a multiple of 10?
False
Does 4925 divide 28298668?
False
Does 89 divide 25453911?
True
Is 133178689 a multiple of 241?
False
Is 458100993 a multiple of 217?
False
Is 2344 a factor of 166484159?
False
Does 11 divide 504574928?
True
Does 53 divide 5485674?
False
Is 318 a factor of 121069914?
True
Does 434 divide 135419781?
False
Is 626 a factor of 68519456?
True
Is 783173030 a multiple of 15754?
False
Is 199 a factor of 18004127?
True
Is 1448 a factor of 87170769?
False
Is 804579984 a multiple of 936?
True
Is 46201650 a multiple of 110?
True
Is 21298114 a multiple of 1168?
False
Is 446135272 a multiple of 10?
False
Is 130035380 a multiple of 17?
True
Does 18 divide 46669032?
True
Does 112 divide 30438912?
True
Is 588442248 a multiple of 36?
True
Is 28807316 a multiple of 163?
True
Does 151 divide 18425473?
True
Is 18 a factor of 363570094?
False
Is 1704709 a multiple of 2?
False
Is 14 a factor of 185910172?
True
Does 29 divide 176460949?
False
Is 678 a factor of 323452858?
False
Is 23716665 a multiple of 35?
True
Is 58370836 a multiple of 486?
False
Does 44 divide 178416128?
True
Is 2237 a factor of 32586483?
False
Does 13 divide 65292214?
True
Is 70 a factor of 1208130?
True
Is 924 a factor of 7404936?
True
Is 9 a factor of 272655081?
True
Is 19 a factor of 147816466?
True
Is 544469294 a multiple of 27?
False
Is 34637539 a multiple of 298?
False
Is 502141809 a multiple of 417?
True
Does 67 divide 30048026?
True
Does 542 divide 20919547?
False
Is 283805871 a multiple of 17?
True
Does 1861 divide 122497673?
False
Does 242 divide 287843028?
True
Is 17 a factor of 165735363?
True
Is 5578518870 a multiple of 18?
True
Does 7 divide 41475490?
True
Is 157 a factor of 403114927?
True
Is 12 a factor of 436243567?
False
Is 33149873 a multiple of 1142?
False
Is 75553413 a multiple of 39?
True
Does 12 divide 826572900?
True
Is 173252331 a multiple of 3?
True
Does 35 divide 413266727?
False
Does 22 divide 146586897?
False
Is 6 a factor of 811437601?
False
Is 4799021211 a multiple of 9?
True
Is 30206164 a multiple of 15?
False
Does 1651 divide 53588158?
True
Does 45 divide 128164680?
True
Is 1380 a factor of 2537586780?
True
Does 5788 divide 324006452?
True
Does 40 divide 36633600?
True
Does 11 divide 933749351?
False
Is 248 a factor of 780891488?
True
Is 100 a factor of 2787753363?
False
Does 94 divide 233495154?
True
Does 754 divide 405105787?
False
Is 11 a factor of 88587234?
False
Is 32048553 a multiple of 160?
False
Is 1308060996 a multiple of 1758?
True
Is 21042371 a multiple of 203?
True
Is 437 a factor of 58382947?
False
Is 227 a factor of 1392257765?
False
Is 728 a factor of 4955660712?
False
Is 1756898820 a multiple of 1098?
True
Does 29 divide 186099873?
True
Is 54 a factor of 2981448?
True
Is 132645000 a multiple of 1850?
True
Is 2360311 a multiple of 7?
False
Does 14 divide 10489542?
True
Is 27157639 a multiple of 1006?
False
Does 144 divide 118830960?
True
Is 37 a factor of 2028451?
True
Is 44977492 a multiple of 193?
True
Is 64 a factor of 1954916160?
True
Does 1092 divide 76237980?
True
Does 11 divide 226909552?
False
Does 16 divide 56607286?
False
Is 149 a factor of 5204332352?
False
Is 14 a factor of 98191462?
False
Is 3 a factor of 895479?
True
Does 30 divide 1514984220?
True
Does 3673 divide 11577296?
True
Is 56 a factor of 223041728?
True
Is 407 a factor of 3321977142?
True
Does 173 divide 72197052?
True
Does 2223 divide 1630574946?
True
Is 44 a factor of 20155652?
True
Does 41 divide 895406702?
False
Is 203 a factor of 14102366?
False
Is 63223801 a multiple of 506?
False
Does 270 divide 16579350?
True
Is 796 a factor of 48716028?
False
Is 100398813 a multiple of 475?
False
Is 117 a factor of 2211417?
True
Is 768 a factor of 56538264?
False
Is 34945435 a multiple of 145?
True
Does 50 divide 325162323?
False
Is 218 a factor of 355715178?
True
Does 14 divide 33611050?
False
Is 349094792 a multiple of 10?
False
Is 220 a factor of 6348866599?
False
Does 52 divide 9446880?
False
Is 521 a factor of 20732002?
False
Is 7271547 a multiple of 87?
True
Is 38 a factor of 125089100?
False
Is 2 a factor of 8088088?
True
Is 113 a factor of 45336953?
False
Is 108 a factor of 286277760?
True
Is 36 a factor of 26242058?
False
Does 13 divide 33100652?
True
Does 26 divide 17607616?
True
Does 12 divide 3419852395?
False
Is 244320 a multiple of 48?
True
Is 239 a factor of 14209815?
False
Is 364512221 a multiple of 2633?
False
Is 17 a factor of 15456907?
False
Is 112849947 a multiple of 622?
False
Is 226622674 a multiple of 167?
True
Is 126686074 a multiple of 294?
False
Is 4060 a factor of 1616662763?
False
Is 538789327 a multiple of 19?
True
Does 1799 divide 1699270105?
False
Does 5 divide 149960793?
False
Does 25 divide 81338475?
True
Does 3885 divide 3673359672?
False
Is 6 a factor of 201930696?
True
Is 105050934 a multiple of 407?
False
Is 276 a factor of 664518140?
False
Is 231326104 a multiple of 8?
True
Does 5 divide 5699630?
True
Does 145 divide 4879308?
False
Is 23 a factor of 104264468?
False
Does 497 divide 2744691783?
False
Does 622 divide 296316722?
False
Is 